*o - 9. Give d(0).
-9
Let q(s) = 3*s + 11. Calculate q(-9).
-16
Let z(p) = 6*p**2 - 3*p - 1. Calculate z(3).
44
Let c(i) = -i**3 - 6*i**2 - i + 8. Give c(-5).
-12
Let m(q) = -q**2 + 6*q + 12. Determine m(7).
5
Let q(k) = -k**2 - k - 13. Calculate q(0).
-13
Let j(d) = 3*d**2 - 10*d - 2. Calculate j(5).
23
Let o(s) = -49*s - 46. Determine o(-2).
52
Let h(o) = -8*o + 27. Determine h(3).
3
Let z(d) = -2*d**2 + 15*d + 11. Calculate z(8).
3
Let j(t) = t**2 + 13*t - 7. What is j(-14)?
7
Let q(a) = a**2 - 12*a + 12. What is q(9)?
-15
Let a(u) = u**2 - 14*u + 9. Calculate a(10).
-31
Let z(p) = 19*p - 3. Give z(1).
16
Let x(w) = -2*w**3 - w**2 - 5*w - 2. Determine x(-3).
58
Let c(o) = 3*o**2 + 18*o + 4. Give c(-6).
4
Let a(y) = y**2 + 3*y - 1. Give a(-6).
17
Let q(v) = -14*v - 97. What is q(-6)?
-13
Let p(r) = r + 12. What is p(-11)?
1
Let l(o) = -17*o**3 - 2*o**2 + o. Calculate l(1).
-18
Let q(y) = 3*y**2 + 2. Determine q(-3).
29
Let f(b) = 2*b**3 - 2*b**2 + b + 62. Determine f(0).
62
Let r(v) = 21*v - 15. Calculate r(1).
6
Let t(f) = -f**3 - 14*f**2 - 8*f - 3. Give t(-13).
-68
Let x(a) = 2*a**3 + 6*a**2 - 6. Calculate x(-4).
-38
Let q(i) = -i**3 - i**2 + 6*i - 16. What is q(4)?
-72
Let m(u) = -u**3 + 2*u**2 + 72. Determine m(0).
72
Let w(z) = 3*z**3 - 29*z**2 + 15*z + 21. Calculate w(9).
-6
Let c(r) = -r**2 - r - 4. What is c(0)?
-4
Let c(z) = z**3 - 5*z**2 - 3*z + 1. Calculate c(3).
-26
Let b(x) = x**2 + 17*x - 17. Determine b(-17).
-17
Let h(v) = 2*v**2 - 3*v + 1. Calculate h(-3).
28
Let i(o) = -o**2 + 10*o - 24. What is i(9)?
-15
Let t(v) = 3*v**2 - 36*v + 12. Calculate t(11).
-21
Let m(t) = -4*t**2 + 19*t - 5. Calculate m(4).
7
Let f(h) = -7*h. Calculate f(1).
-7
Let p(o) = -2*o + 9. Calculate p(9).
-9
Let d(q) = 27*q**2 - 4*q + 3. Give d(1).
26
Let j(z) = -2*z**2 + 4*z + 19. Determine j(6).
-29
Let n(c) = c. Give n(6).
6
Let h(p) = -p**3 + 6*p**2 - p - 2. Determine h(5).
18
Let v(t) = t**3 - 7*t**2 + 5*t + 2. What is v(6)?
-4
Let g(y) = -14*y + 8. Give g(-1).
22
Let q(h) = 3*h**2 - 24*h + 14. Give q(9).
41
Let g(x) = -x - 7. Determine g(-11).
4
Let t(g) = 11*g**2 + 78*g + 6. Give t(-7).
-1
Let z(m) = -m**3 + 9*m**2 + 12*m - 8. Determine z(10).
12
Let c(s) = s**3 + 16*s**2 + 2*s + 9. Determine c(-16).
-23
Let o(f) = 23*f + 106. Give o(-5).
-9
Let t(g) = g**2 + 2*g - 11. Determine t(-7).
24
Let l(g) = g**3 - 8*g**2 - 2*g + 3. What is l(8)?
-13
Let s(b) = -b**3 - 8*b**2 - 3*b + 16. Give s(-6).
-38
Let w(y) = -y**2 + 46*y - 92. Determine w(44).
-4
Let x(v) = v**2 + 3*v - 8. Calculate x(-6).
10
Let s(r) = -r**2 + 8*r + 64. Determine s(14).
-20
Let t(z) = -4*z + 1. What is t(-12)?
49
Let b(m) = -2*m**2 + 26*m + 30. What is b(14)?
2
Let k(g) = -3*g**2 - g + 5. Determine k(2).
-9
Let t(p) = -3*p**2 - 3*p + 3. Calculate t(1).
-3
Let j(y) = -y**3 - y**2 + 2*y. What is j(-2)?
0
Let m(n) = -3*n - 17. Determine m(-8).
7
Let j(o) = 20*o + 5. What is j(3)?
65
Let g(k) = -k**3 + 5*k**2 - 4*k - 11. What is g(-4)?
149
Let z(j) = j**3 + 2*j**2 - j + 2. What is z(2)?
16
Let h(j) = 20*j - 28. Calculate h(-3).
-88
Let k(j) = -2*j**2 - 39*j - 83. What is k(-17)?
2
Let g(q) = -q**3 - 2*q**2 + 10*q - 9. Calculate g(1).
-2
Let h(p) = -2*p**2 + 20*p - 17. Determine h(11).
-39
Let r(l) = l + 11. Give r(16).
27
Let g(r) = -r. Calculate g(0).
0
Let w(q) = q**3 + 2*q**2 - 6*q + 9. Give w(-4).
1
Let n(j) = -j**3 + 8*j**2 - 7*j + 2. Give n(6).
32
Let v(m) = m**2 - 11*m - 10. Give v(11).
-10
Let y(d) = -d**2 + 15*d + 430. Calculate y(-15).
-20
Let g(x) = x**3 + 16*x**2 - 37*x - 5. Calculate g(-18).
13
Let o(u) = -u**3 + 6*u**2 + 5. Give o(6).
5
Let l(v) = -v**2 + 10*v - 7. Calculate l(11).
-18
Let g(a) = a**3 + a**2 - 4*a - 5. Determine g(-2).
-1
Let k(y) = -y**2 + 3*y + 5. Determine k(-2).
-5
Let s(t) = -8*t - 53. What is s(-10)?
27
Let y(t) = -t - 4. Determine y(-2).
-2
Let g(j) = 2*j**2 + 34*j + 1. Determine g(-17).
1
Let i(p) = -p**2 - 10*p - 21. Calculate i(-9).
-12
Let d(o) = o**3 - 2*o**2 - o - 7. Give d(3).
-1
Let s(w) = w**2 + 4*w. Give s(-5).
5
Let f(n) = 3*n**2 + 15*n + 3. Give f(-7).
45
Let t(m) = 18*m**3 - 2*m**2. Calculate t(2).
136
Let j(r) = -2*r**2 + 35*r + 223. What is j(-5)?
-2
Let v(y) = -y**3 - 10*y**2 + 19*y + 249. Determine v(-9).
-3
Let k(x) = -24*x + 143. Calculate k(6).
-1
Let o(v) = 4*v - 24. Calculate o(5).
-4
Let n(c) = -2*c**3 + 2*c - 5. Calculate n(-2).
7
Let s(k) = -k**2 + 2*k - 13. What is s(4)?
-21
Let y(n) = -2*n - 10. What is y(-6)?
2
Let u(x) = x**3 - 15*x**2 - 2*x + 39. Give u(15).
9
Let a(o) = 9*o + 158. Calculate a(-18).
-4
Let i(d) = -d**3 + 6*d**2 + 8*d - 1. What is i(7)?
6
Let r(v) = 8*v. What is r(-1)?
-8
Let g(c) = c**2 + 13*c - 3. Determine g(-12).
-15
Let q(u) = -2*u**3 + 3*u - 1. Give q(2).
-11
Let s(c) = -2*c - 16. Give s(-3).
-10
Let a(i) = -i**2 - 12*i - 5. Give a(-7).
30
Let v(x) = -x**2 - 2*x + 55. Give v(-9).
-8
Let p(c) = 3*c**2 + 7*c - 5. Calculate p(6).
145
Let s(l) = l - 8. Calculate s(13).
5
Let y(r) = r**3 - 11*r**2 - 11*r - 16. Give y(12).
-4
Let l(o) = 2*o - 13. Calculate l(15).
17
Let c(g) = -4*g**3 - 74*g**2 + 37*g - 16. Give c(-19).
3
Let b(z) = -z**2 + 23*z + 849. Calculate b(43).
-11
Let y(u) = -u**2 - u + 17. What is y(-9)?
-55
Let t(u) = u**2 - 9*u + 10. Calculate t(9).
10
Let t(b) = -b - 26. What is t(-17)?
-9
Let l(w) = -59*w - 1. What is l(1)?
-60
Let p(s) = 30*s + 14. Give p(0).
14
Let p(a) = -a + 10. Give p(-6).
16
Let k(v) = -v**2 + 2*v. Calculate k(0).
0
Let k(m) = -8*m. Calculate k(1).
-8
Let f(x) = 50*x - 23. Determine f(3).
127
Let n(l) = l + 3. Determine n(-7).
-4
Let z(u) = u**3 - 5*u**2 - 4*u + 10. Determine z(5).
-10
Let c(r) = -r - 3. Calculate c(-1).
-2
Let j(w) = w**3 + 4*w**2 + 4*w + 2. Determine j(-3).
-1
Let l(d) = d**3 - 9*d**2 + 14*d - 9. Determine l(7).
-9
Let a(u) = -u**3 - 12*u**2 + 13*u - 12. Calculate a(-13).
-12
Let p(g) = g**2 + 6*g + 22. Give p(-5).
17
Let n(c) = c**2 - 6*c + 9. What is n(6)?
9
Let n(i) = i**2 + 7*i - 21. Calculate n(3).
9
Let j(a) = a**2 + 6*a - 5. Give j(-7).
2
Let j(d) = 28*d - 593. Calculate j(21).
-5
Let w(x) = -x**3 + 4*x**2 - 5*x + 6. Determine w(4).
-14
Let v(w) = w**2 + 5*w - 21. Determine v(-7).
-7
Let l(i) = 2*i**2 - 2*i + 8. Calculate l(5).
48
Let t(y) = -5*y**2 - 25*y + 3. What is t(-8)?
-117
Let h(d) = d**3 + 18*d**2 - 3*d - 66. Determine h(-18).
-12
Let f(z) = 8*z - 3. Give f(-1).
-11
Let s(p) = 2*p + 24. Calculate s(-11).
2
Let d(s) = 2*s - 35. Calculate d(9).
-17
Let l(x) = -4*x + 38. What is l(5)?
18
Let k(b) = -b**3 + 6*b**2 + 15*b + 11. Calculate k(8).
3
Let m(r) = -5*r**2 + 32*r + 2. Calculate m(7).
-19
Let l(x) = 3*x + 74. What is l(-26)?
-4
Let v(c) = 7*c + 23. Calculate v(-2).
9
Let m(i) = -i**3 - 10*i**2 + 4*i - 18. Determine m(-10).
-58
Let d(p) = 16*p**3 + 1. What is d(-1)?
-15
Let j(x) = -8*x**2 - 3*x - 2. Give j(2).
-40
Let x(u) = u + 4. Give x(-2).
2
Let s(h) = 10*h + 294. Calculate s(-29).
4
Let p(r) = -2*r**2 + 10*r - 9. Calculate p(6).
-21
Let a(g) = 2*g + 1. What is a(-6)?
-11
Let v(k) = -4*k + 19. What is v(-5)?
39
Let u(g) = -2*g**2 - 6*g - 7. Calculate u(3).
-43
Let s(o) = o**3 + 3*o**2 - 12*o - 4. Determine s(-5).
6
Let a(r) = r**3 + 2*r**2 - r. Calculate a(-2).
2
Let o(d) = 31*d**2. Calculate o(1).
31
Let p(b) = 33*b. Give p(1).
33
Let n(g) = 18*g + 510. Determine n(-29).
-12
Let a(t) = -3*t**2 + 3*t + 5. Calculate a(4).
-31
Let y(k) = -k**2 + 3*k + 30. What is y(9)?
-24
Let v(k) = -2*k**3 + 2*k**2 - 5*k + 2. Determine v(2).
-16
Let i(d) = d**2 - 12*d - 39. Determine i(15).
6
Let o(i) = 11*i. Give o(-1).
-11
Let p(z) = -z**3 - 3*z**2 + 8*z + 8. Determine p(-5).
18
Let u(o) = 11*o - 4. Give u(-1).
-15
Let x(p) = -p**2 - 9*p - 14. Give x(-4).
6
Let j(z) = z**3 + z**2 - 7*z - 26. Calculate j(3).
-11
Let h(v) = -2*v**3 + 14*v**2 - 8*v + 11. Determine h(6).
35
Let c(m) = -m**2 - m + 15. What is c(0)?
15
Let t(x) = 4*x + 201. Calculate t(-51).
-3
Let y(g) = -4*g - 28. Determine y(6).
-52
Let b(g) = -g**3 + 14*g**2 + g - 13. Calculate b(14).
1
Let f(z) = z**2 + 12*z + 32. Give f(-8).
0
Let l(k) = 3*k - 20. Give l(7).
1
Let n(o) = o - 35. Determine n(7).
-28
Let a(c) = c**3 + c**2 + 2*c + 11. Calculate a(0).
11
Let g(q) = q**3 - 7*q**2 + 10*q - 36. Calculate g(6).
-12
Let q(p) = 13*p - 71. What is q(11)?
72
Let u(y) = -y**3 + 5*y*